{"id":7,"date":"2015-02-26T17:58:50","date_gmt":"2015-02-26T17:58:50","guid":{"rendered":"http:\/\/mariat-sanz.name\/w\/?page_id=7"},"modified":"2020-11-14T16:48:32","modified_gmt":"2020-11-14T16:48:32","slug":"situacion-profesional-actual","status":"publish","type":"page","link":"https:\/\/mariat-sanz.name\/w\/situacion-profesional-actual\/","title":{"rendered":"Situaci\u00f3n profesional actual"},"content":{"rendered":"<p>ORGANISMO: <a href=\"https:\/\/www.uv.es\/uvweb\/universidad\/es\/ficha-persona-1285950309813.html?p2=sanzgar3&amp;idA=true\"><strong>Universidad de Valencia<\/strong><\/a><br \/>\nFACULTAD,ESCUELA o INSTITUTO: Facultad de Magisterio<br \/>\nDEPT.\/SECC.\/ UNIDAD ESTR.: Did\u00e1ctica de las Matem\u00e1ticas<br \/>\nCATEGORIA PROFESIONAL: Profesor Titular de Universidad<\/p>\n<p>&nbsp;<\/p>\n<p>GRUPO DE INVESTIGACI\u00d3N: <strong>An\u00e1lisis did\u00e1ctico, hist\u00f3rico y epistemol\u00f3gico de las matem\u00e1ticas escolares<\/strong><br \/>\nACR\u00d3NIMO: ADHEME<br \/>\nDIRECTOR.: PUIG ESPINOSA, LUIS RAFAEL<br \/>\nREFERENCIA: INV-GIUV-172370<\/p>\n","protected":false},"excerpt":{"rendered":"<p>ORGANISMO: Universidad de Valencia FACULTAD,ESCUELA o INSTITUTO: Facultad de Magisterio DEPT.\/SECC.\/ UNIDAD ESTR.: Did\u00e1ctica de las Matem\u00e1ticas CATEGORIA PROFESIONAL: Profesor Titular de Universidad &nbsp; GRUPO DE INVESTIGACI\u00d3N: An\u00e1lisis did\u00e1ctico, hist\u00f3rico y epistemol\u00f3gico de las matem\u00e1ticas escolares ACR\u00d3NIMO: ADHEME DIRECTOR.: PUIG ESPINOSA, LUIS RAFAEL REFERENCIA: INV-GIUV-172370<\/p>\n","protected":false},"author":1,"featured_media":0,"parent":0,"menu_order":0,"comment_status":"closed","ping_status":"open","template":"","meta":[],"_links":{"self":[{"href":"https:\/\/mariat-sanz.name\/w\/wp-json\/wp\/v2\/pages\/7"}],"collection":[{"href":"https:\/\/mariat-sanz.name\/w\/wp-json\/wp\/v2\/pages"}],"about":[{"href":"https:\/\/mariat-sanz.name\/w\/wp-json\/wp\/v2\/types\/page"}],"author":[{"embeddable":true,"href":"https:\/\/mariat-sanz.name\/w\/wp-json\/wp\/v2\/users\/1"}],"replies":[{"embeddable":true,"href":"https:\/\/mariat-sanz.name\/w\/wp-json\/wp\/v2\/comments?post=7"}],"version-history":[{"count":5,"href":"https:\/\/mariat-sanz.name\/w\/wp-json\/wp\/v2\/pages\/7\/revisions"}],"predecessor-version":[{"id":200,"href":"https:\/\/mariat-sanz.name\/w\/wp-json\/wp\/v2\/pages\/7\/revisions\/200"}],"wp:attachment":[{"href":"https:\/\/mariat-sanz.name\/w\/wp-json\/wp\/v2\/media?parent=7"}],"curies":[{"name":"wp","href":"https:\/\/api.w.org\/{rel}","templated":true}]}}

Situación profesional actual

<p>ORGANISMO: <a href="https://www.uv.es/uvweb/universidad/es/ficha-persona-1285950309813.html?p2=sanzgar3&amp;idA=true"><strong>Universidad de Valencia</strong></a><br />
FACULTAD,ESCUELA o INSTITUTO: Facultad de Magisterio<br />
DEPT./SECC./ UNIDAD ESTR.: Didáctica de las Matemáticas<br />
CATEGORIA PROFESIONAL: Profesor Titular de Universidad</p>
<p>&nbsp;</p>
<p>GRUPO DE INVESTIGACIÓN: <strong>Análisis didáctico, histórico y epistemológico de las matemáticas escolares</strong><br />
ACRÓNIMO: ADHEME<br />
DIRECTOR.: PUIG ESPINOSA, LUIS RAFAEL<br />
REFERENCIA: INV-GIUV-172370</p>

<p>ORGANISMO: Universidad de Valencia FACULTAD,ESCUELA o INSTITUTO: Facultad de Magisterio DEPT./SECC./ UNIDAD ESTR.: Didáctica de las Matemáticas CATEGORIA PROFESIONAL: Profesor Titular de Universidad &nbsp; GRUPO DE INVESTIGACIÓN: Análisis didáctico, histórico y epistemológico de las matemáticas escolares ACRÓNIMO: ADHEME DIRECTOR.: PUIG ESPINOSA, LUIS RAFAEL REFERENCIA: INV-GIUV-172370</p>
